{"id":8480,"date":"2023-10-10T09:37:12","date_gmt":"2023-10-10T09:37:12","guid":{"rendered":"https:\/\/decoluxe.es\/einbauschraenke\/"},"modified":"2024-04-15T12:06:26","modified_gmt":"2024-04-15T12:06:26","slug":"einbauschraenke","status":"publish","type":"page","link":"https:\/\/decoluxeinteriordesign.com\/de\/einbauschraenke\/","title":{"rendered":"Einbauschr\u00e4nke"},"content":{"rendered":"\t\t<div data-elementor-type=\"wp-page\" data-elementor-id=\"8480\" class=\"elementor elementor-8480 elementor-4469\" data-elementor-post-type=\"page\">\n\t\t\t\t<div class=\"elementor-element elementor-element-3d6ad0cd e-flex e-con-boxed e-con e-parent\" data-id=\"3d6ad0cd\" data-element_type=\"container\" data-settings=\"{&quot;background_background&quot;:&quot;classic&quot;}\">\n\t\t\t\t\t<div class=\"e-con-inner\">\n\t\t<div class=\"elementor-element elementor-element-29587f3f e-con-full e-flex e-con e-child\" data-id=\"29587f3f\" data-element_type=\"container\">\n\t\t\t\t<div class=\"elementor-element elementor-element-7ad401ab elementor-widget elementor-widget-image\" data-id=\"7ad401ab\" data-element_type=\"widget\" data-widget_type=\"image.default\">\n\t\t\t\t<div class=\"elementor-widget-container\">\n\t\t\t\t\t\t\t\t\t\t\t\t\t<img fetchpriority=\"high\" decoding=\"async\" width=\"1920\" height=\"1371\" src=\"https:\/\/decoluxeinteriordesign.com\/wp-content\/uploads\/2023\/10\/armario-de-pared-grande-or-armario-smart-or-lago.jpg\" class=\"attachment-full size-full wp-image-2477\" alt=\"\" srcset=\"https:\/\/decoluxeinteriordesign.com\/wp-content\/uploads\/2023\/10\/armario-de-pared-grande-or-armario-smart-or-lago.jpg 1920w, https:\/\/decoluxeinteriordesign.com\/wp-content\/uploads\/2023\/10\/armario-de-pared-grande-or-armario-smart-or-lago-300x214.jpg 300w, https:\/\/decoluxeinteriordesign.com\/wp-content\/uploads\/2023\/10\/armario-de-pared-grande-or-armario-smart-or-lago-1024x731.jpg 1024w, https:\/\/decoluxeinteriordesign.com\/wp-content\/uploads\/2023\/10\/armario-de-pared-grande-or-armario-smart-or-lago-768x548.jpg 768w, https:\/\/decoluxeinteriordesign.com\/wp-content\/uploads\/2023\/10\/armario-de-pared-grande-or-armario-smart-or-lago-1536x1097.jpg 1536w\" sizes=\"(max-width: 1920px) 100vw, 1920px\" \/>\t\t\t\t\t\t\t\t\t\t\t\t\t<\/div>\n\t\t\t\t<\/div>\n\t\t\t\t<\/div>\n\t\t<div class=\"elementor-element elementor-element-1a586084 e-con-full animated-slow e-flex elementor-invisible e-con e-child\" data-id=\"1a586084\" data-element_type=\"container\" data-settings=\"{&quot;background_background&quot;:&quot;classic&quot;,&quot;animation&quot;:&quot;fadeInDown&quot;,&quot;animation_delay&quot;:200}\">\n\t\t<div class=\"elementor-element elementor-element-492a4457 e-flex e-con-boxed e-con e-child\" data-id=\"492a4457\" data-element_type=\"container\">\n\t\t\t\t\t<div class=\"e-con-inner\">\n\t\t\t\t<div class=\"elementor-element elementor-element-1c67dc1a elementor-widget__width-auto elementor-hidden-tablet elementor-hidden-mobile elementor-widget elementor-widget-image\" data-id=\"1c67dc1a\" data-element_type=\"widget\" data-widget_type=\"image.default\">\n\t\t\t\t<div class=\"elementor-widget-container\">\n\t\t\t\t\t\t\t\t\t\t\t\t\t<img decoding=\"async\" width=\"60\" height=\"60\" src=\"https:\/\/decoluxeinteriordesign.com\/wp-content\/uploads\/2023\/09\/punto.png\" class=\"attachment-large size-large wp-image-184\" alt=\"\" \/>\t\t\t\t\t\t\t\t\t\t\t\t\t<\/div>\n\t\t\t\t<\/div>\n\t\t\t\t<div class=\"elementor-element elementor-element-492eb092 elementor-widget__width-auto elementor-widget elementor-widget-heading\" data-id=\"492eb092\" data-element_type=\"widget\" data-widget_type=\"heading.default\">\n\t\t\t\t<div class=\"elementor-widget-container\">\n\t\t\t<h1 class=\"elementor-heading-title elementor-size-default\">Schr\u00e4nke<br><span style=\"font-weight:300\">eingebaut<\/span><\/h1>\t\t<\/div>\n\t\t\t\t<\/div>\n\t\t\t\t\t<\/div>\n\t\t\t\t<\/div>\n\t\t\t\t<div class=\"elementor-element elementor-element-3c4c8c44 elementor-widget elementor-widget-text-editor\" data-id=\"3c4c8c44\" data-element_type=\"widget\" data-widget_type=\"text-editor.default\">\n\t\t\t\t<div class=\"elementor-widget-container\">\n\t\t\t\t\t\t\t<p>Entdecken Sie die Kunst der Organisation mit unseren ma\u00dfgefertigten Einbauschr\u00e4nken. Jedes unserer Designs ist eine Kombination aus Funktionalit\u00e4t und Stil und verwandelt scheinbar kleine R\u00e4ume in Oasen der Ordnung und Eleganz. Unsere fachkundigen Designer wissen, wie wichtig es ist, den Raum zu optimieren, und sind bestrebt, Einbauschr\u00e4nke zu entwerfen, die perfekt in Ihr Zuhause und Ihren Lebensstil passen.<\/p>\n<p>Von verstellbaren Einlegeb\u00f6den bis hin zu versteckten F\u00e4chern wird jeder Zentimeter optimal genutzt, um die perfekte Aufbewahrungsl\u00f6sung zu bieten. Wir verwenden hochwertigste Materialien und individuelle Details, um einen Einbauschrank zu schaffen, der eine nat\u00fcrliche Erweiterung Ihres Raumes darstellt und jedem Zimmer einen Hauch von Raffinesse verleiht.<\/p>\n\t\t\t\t\t\t<\/div>\n\t\t\t\t<\/div>\n\t\t\t\t<div class=\"elementor-element elementor-element-6076be96 elementor-view-default elementor-widget elementor-widget-icon\" data-id=\"6076be96\" data-element_type=\"widget\" data-widget_type=\"icon.default\">\n\t\t\t\t<div class=\"elementor-widget-container\">\n\t\t\t\t\t<div class=\"elementor-icon-wrapper\">\n\t\t\t<div class=\"elementor-icon\">\n\t\t\t<i aria-hidden=\"true\" class=\"fas fa-chevron-down\"><\/i>\t\t\t<\/div>\n\t\t<\/div>\n\t\t\t\t<\/div>\n\t\t\t\t<\/div>\n\t\t\t\t<\/div>\n\t\t\t\t\t<\/div>\n\t\t\t\t<\/div>\n\t\t<div class=\"elementor-element elementor-element-61f79bc6 e-flex e-con-boxed e-con e-parent\" data-id=\"61f79bc6\" data-element_type=\"container\">\n\t\t\t\t\t<div class=\"e-con-inner\">\n\t\t\t\t<div class=\"elementor-element elementor-element-22266235 elementor-arrows-position-inside elementor-widget elementor-widget-image-carousel\" data-id=\"22266235\" data-element_type=\"widget\" data-settings=\"{&quot;navigation&quot;:&quot;arrows&quot;,&quot;image_spacing_custom&quot;:{&quot;unit&quot;:&quot;px&quot;,&quot;size&quot;:2,&quot;sizes&quot;:[]},&quot;autoplay&quot;:&quot;yes&quot;,&quot;pause_on_hover&quot;:&quot;yes&quot;,&quot;pause_on_interaction&quot;:&quot;yes&quot;,&quot;autoplay_speed&quot;:5000,&quot;infinite&quot;:&quot;yes&quot;,&quot;speed&quot;:500,&quot;image_spacing_custom_tablet&quot;:{&quot;unit&quot;:&quot;px&quot;,&quot;size&quot;:&quot;&quot;,&quot;sizes&quot;:[]},&quot;image_spacing_custom_mobile&quot;:{&quot;unit&quot;:&quot;px&quot;,&quot;size&quot;:&quot;&quot;,&quot;sizes&quot;:[]}}\" data-widget_type=\"image-carousel.default\">\n\t\t\t\t<div class=\"elementor-widget-container\">\n\t\t\t\t\t<div class=\"elementor-image-carousel-wrapper swiper\" dir=\"ltr\">\n\t\t\t<div class=\"elementor-image-carousel swiper-wrapper\" aria-live=\"off\">\n\t\t\t\t\t\t\t\t<div class=\"swiper-slide\" role=\"group\" aria-roledescription=\"slide\" aria-label=\"1 von 4\"><figure class=\"swiper-slide-inner\"><img decoding=\"async\" class=\"swiper-slide-image\" src=\"https:\/\/decoluxe.es\/wp-content\/uploads\/2023\/10\/armario-modular-blanco-or-armario-flapp-or-lago-1.jpg\" alt=\"\" \/><\/figure><\/div><div class=\"swiper-slide\" role=\"group\" aria-roledescription=\"slide\" aria-label=\"2 von 4\"><figure class=\"swiper-slide-inner\"><img decoding=\"async\" class=\"swiper-slide-image\" src=\"https:\/\/decoluxe.es\/wp-content\/uploads\/2023\/10\/habitacion-matrimonial-con-armario-blanco-or-armario-n.o.w.-or-lago-1.jpg\" alt=\"\" \/><\/figure><\/div><div class=\"swiper-slide\" role=\"group\" aria-roledescription=\"slide\" aria-label=\"3 von 4\"><figure class=\"swiper-slide-inner\"><img decoding=\"async\" class=\"swiper-slide-image\" src=\"https:\/\/decoluxe.es\/wp-content\/uploads\/2023\/10\/armario-blanco-a-medida-en-cristal-or-armario-n.o.w.-or-lago-scaled.jpg\" alt=\"\" \/><\/figure><\/div><div class=\"swiper-slide\" role=\"group\" aria-roledescription=\"slide\" aria-label=\"4 von 4\"><figure class=\"swiper-slide-inner\"><img decoding=\"async\" class=\"swiper-slide-image\" src=\"https:\/\/decoluxe.es\/wp-content\/uploads\/2023\/10\/armario-esquinero-moderno-or-armario-n.o.w.-or-lago-1.jpg\" alt=\"\" \/><\/figure><\/div>\t\t\t<\/div>\n\t\t\t\t\t\t\t\t\t\t\t\t<div class=\"elementor-swiper-button elementor-swiper-button-prev\" role=\"button\" tabindex=\"0\">\n\t\t\t\t\t\t<i aria-hidden=\"true\" class=\"eicon-chevron-left\"><\/i>\t\t\t\t\t<\/div>\n\t\t\t\t\t<div class=\"elementor-swiper-button elementor-swiper-button-next\" role=\"button\" tabindex=\"0\">\n\t\t\t\t\t\t<i aria-hidden=\"true\" class=\"eicon-chevron-right\"><\/i>\t\t\t\t\t<\/div>\n\t\t\t\t\n\t\t\t\t\t\t\t\t\t<\/div>\n\t\t\t\t<\/div>\n\t\t\t\t<\/div>\n\t\t\t\t\t<\/div>\n\t\t\t\t<\/div>\n\t\t\t\t<\/div>\n\t\t","protected":false},"excerpt":{"rendered":"<p>Schr\u00e4nkeeingebaut Entdecken Sie die Kunst der Organisation mit unseren ma\u00dfgefertigten Einbauschr\u00e4nken. Jedes unserer Designs ist eine Kombination aus Funktionalit\u00e4t und Stil und verwandelt scheinbar kleine R\u00e4ume in Oasen der Ordnung und Eleganz. Unsere fachkundigen Designer wissen, wie wichtig es ist, den Raum zu optimieren, und sind bestrebt, Einbauschr\u00e4nke zu entwerfen, die perfekt in Ihr Zuhause [&hellip;]<\/p>\n","protected":false},"author":3,"featured_media":0,"parent":0,"menu_order":0,"comment_status":"closed","ping_status":"closed","template":"elementor_header_footer","meta":{"footnotes":""},"class_list":["post-8480","page","type-page","status-publish","hentry"],"aioseo_notices":[],"_links":{"self":[{"href":"https:\/\/decoluxeinteriordesign.com\/de\/wp-json\/wp\/v2\/pages\/8480","targetHints":{"allow":["GET"]}}],"collection":[{"href":"https:\/\/decoluxeinteriordesign.com\/de\/wp-json\/wp\/v2\/pages"}],"about":[{"href":"https:\/\/decoluxeinteriordesign.com\/de\/wp-json\/wp\/v2\/types\/page"}],"author":[{"embeddable":true,"href":"https:\/\/decoluxeinteriordesign.com\/de\/wp-json\/wp\/v2\/users\/3"}],"replies":[{"embeddable":true,"href":"https:\/\/decoluxeinteriordesign.com\/de\/wp-json\/wp\/v2\/comments?post=8480"}],"version-history":[{"count":4,"href":"https:\/\/decoluxeinteriordesign.com\/de\/wp-json\/wp\/v2\/pages\/8480\/revisions"}],"predecessor-version":[{"id":27533,"href":"https:\/\/decoluxeinteriordesign.com\/de\/wp-json\/wp\/v2\/pages\/8480\/revisions\/27533"}],"wp:attachment":[{"href":"https:\/\/decoluxeinteriordesign.com\/de\/wp-json\/wp\/v2\/media?parent=8480"}],"curies":[{"name":"wp","href":"https:\/\/api.w.org\/{rel}","templated":true}]}}

Einbauschränke

<div data-elementor-type="wp-page" data-elementor-id="8480" class="elementor elementor-8480 elementor-4469" data-elementor-post-type="page">
				<div class="elementor-element elementor-element-3d6ad0cd e-flex e-con-boxed e-con e-parent" data-id="3d6ad0cd" data-element_type="container" data-settings="{&quot;background_background&quot;:&quot;classic&quot;}">
					<div class="e-con-inner">
		<div class="elementor-element elementor-element-29587f3f e-con-full e-flex e-con e-child" data-id="29587f3f" data-element_type="container">
				<div class="elementor-element elementor-element-7ad401ab elementor-widget elementor-widget-image" data-id="7ad401ab" data-element_type="widget" data-widget_type="image.default">
				<div class="elementor-widget-container">
													<img fetchpriority="high" decoding="async" width="1920" height="1371" src="https://decoluxeinteriordesign.com/wp-content/uploads/2023/10/armario-de-pared-grande-or-armario-smart-or-lago.jpg" class="attachment-full size-full wp-image-2477" alt="" srcset="https://decoluxeinteriordesign.com/wp-content/uploads/2023/10/armario-de-pared-grande-or-armario-smart-or-lago.jpg 1920w, https://decoluxeinteriordesign.com/wp-content/uploads/2023/10/armario-de-pared-grande-or-armario-smart-or-lago-300x214.jpg 300w, https://decoluxeinteriordesign.com/wp-content/uploads/2023/10/armario-de-pared-grande-or-armario-smart-or-lago-1024x731.jpg 1024w, https://decoluxeinteriordesign.com/wp-content/uploads/2023/10/armario-de-pared-grande-or-armario-smart-or-lago-768x548.jpg 768w, https://decoluxeinteriordesign.com/wp-content/uploads/2023/10/armario-de-pared-grande-or-armario-smart-or-lago-1536x1097.jpg 1536w" sizes="(max-width: 1920px) 100vw, 1920px" />													</div>
				</div>
				</div>
		<div class="elementor-element elementor-element-1a586084 e-con-full animated-slow e-flex elementor-invisible e-con e-child" data-id="1a586084" data-element_type="container" data-settings="{&quot;background_background&quot;:&quot;classic&quot;,&quot;animation&quot;:&quot;fadeInDown&quot;,&quot;animation_delay&quot;:200}">
		<div class="elementor-element elementor-element-492a4457 e-flex e-con-boxed e-con e-child" data-id="492a4457" data-element_type="container">
					<div class="e-con-inner">
				<div class="elementor-element elementor-element-1c67dc1a elementor-widget__width-auto elementor-hidden-tablet elementor-hidden-mobile elementor-widget elementor-widget-image" data-id="1c67dc1a" data-element_type="widget" data-widget_type="image.default">
				<div class="elementor-widget-container">
													<img decoding="async" width="60" height="60" src="https://decoluxeinteriordesign.com/wp-content/uploads/2023/09/punto.png" class="attachment-large size-large wp-image-184" alt="" />													</div>
				</div>
				<div class="elementor-element elementor-element-492eb092 elementor-widget__width-auto elementor-widget elementor-widget-heading" data-id="492eb092" data-element_type="widget" data-widget_type="heading.default">
				<div class="elementor-widget-container">
			<h1 class="elementor-heading-title elementor-size-default">Schränke<br><span style="font-weight:300">eingebaut</span></h1>		</div>
				</div>
					</div>
				</div>
				<div class="elementor-element elementor-element-3c4c8c44 elementor-widget elementor-widget-text-editor" data-id="3c4c8c44" data-element_type="widget" data-widget_type="text-editor.default">
				<div class="elementor-widget-container">
							<p>Entdecken Sie die Kunst der Organisation mit unseren maßgefertigten Einbauschränken. Jedes unserer Designs ist eine Kombination aus Funktionalität und Stil und verwandelt scheinbar kleine Räume in Oasen der Ordnung und Eleganz. Unsere fachkundigen Designer wissen, wie wichtig es ist, den Raum zu optimieren, und sind bestrebt, Einbauschränke zu entwerfen, die perfekt in Ihr Zuhause und Ihren Lebensstil passen.</p>
<p>Von verstellbaren Einlegeböden bis hin zu versteckten Fächern wird jeder Zentimeter optimal genutzt, um die perfekte Aufbewahrungslösung zu bieten. Wir verwenden hochwertigste Materialien und individuelle Details, um einen Einbauschrank zu schaffen, der eine natürliche Erweiterung Ihres Raumes darstellt und jedem Zimmer einen Hauch von Raffinesse verleiht.</p>
						</div>
				</div>
				<div class="elementor-element elementor-element-6076be96 elementor-view-default elementor-widget elementor-widget-icon" data-id="6076be96" data-element_type="widget" data-widget_type="icon.default">
				<div class="elementor-widget-container">
					<div class="elementor-icon-wrapper">
			<div class="elementor-icon">
			<i aria-hidden="true" class="fas fa-chevron-down"></i>			</div>
		</div>
				</div>
				</div>
				</div>
					</div>
				</div>
		<div class="elementor-element elementor-element-61f79bc6 e-flex e-con-boxed e-con e-parent" data-id="61f79bc6" data-element_type="container">
					<div class="e-con-inner">
				<div class="elementor-element elementor-element-22266235 elementor-arrows-position-inside elementor-widget elementor-widget-image-carousel" data-id="22266235" data-element_type="widget" data-settings="{&quot;navigation&quot;:&quot;arrows&quot;,&quot;image_spacing_custom&quot;:{&quot;unit&quot;:&quot;px&quot;,&quot;size&quot;:2,&quot;sizes&quot;:[]},&quot;autoplay&quot;:&quot;yes&quot;,&quot;pause_on_hover&quot;:&quot;yes&quot;,&quot;pause_on_interaction&quot;:&quot;yes&quot;,&quot;autoplay_speed&quot;:5000,&quot;infinite&quot;:&quot;yes&quot;,&quot;speed&quot;:500,&quot;image_spacing_custom_tablet&quot;:{&quot;unit&quot;:&quot;px&quot;,&quot;size&quot;:&quot;&quot;,&quot;sizes&quot;:[]},&quot;image_spacing_custom_mobile&quot;:{&quot;unit&quot;:&quot;px&quot;,&quot;size&quot;:&quot;&quot;,&quot;sizes&quot;:[]}}" data-widget_type="image-carousel.default">
				<div class="elementor-widget-container">
					<div class="elementor-image-carousel-wrapper swiper" dir="ltr">
			<div class="elementor-image-carousel swiper-wrapper" aria-live="off">
								<div class="swiper-slide" role="group" aria-roledescription="slide" aria-label="1 von 4"><figure class="swiper-slide-inner"><img decoding="async" class="swiper-slide-image" src="https://decoluxe.es/wp-content/uploads/2023/10/armario-modular-blanco-or-armario-flapp-or-lago-1.jpg" alt="" /></figure></div><div class="swiper-slide" role="group" aria-roledescription="slide" aria-label="2 von 4"><figure class="swiper-slide-inner"><img decoding="async" class="swiper-slide-image" src="https://decoluxe.es/wp-content/uploads/2023/10/habitacion-matrimonial-con-armario-blanco-or-armario-n.o.w.-or-lago-1.jpg" alt="" /></figure></div><div class="swiper-slide" role="group" aria-roledescription="slide" aria-label="3 von 4"><figure class="swiper-slide-inner"><img decoding="async" class="swiper-slide-image" src="https://decoluxe.es/wp-content/uploads/2023/10/armario-blanco-a-medida-en-cristal-or-armario-n.o.w.-or-lago-scaled.jpg" alt="" /></figure></div><div class="swiper-slide" role="group" aria-roledescription="slide" aria-label="4 von 4"><figure class="swiper-slide-inner"><img decoding="async" class="swiper-slide-image" src="https://decoluxe.es/wp-content/uploads/2023/10/armario-esquinero-moderno-or-armario-n.o.w.-or-lago-1.jpg" alt="" /></figure></div>			</div>
												<div class="elementor-swiper-button elementor-swiper-button-prev" role="button" tabindex="0">
						<i aria-hidden="true" class="eicon-chevron-left"></i>					</div>
					<div class="elementor-swiper-button elementor-swiper-button-next" role="button" tabindex="0">
						<i aria-hidden="true" class="eicon-chevron-right"></i>					</div>
				
									</div>
				</div>
				</div>
					</div>
				</div>
				</div>

<p>Schränkeeingebaut Entdecken Sie die Kunst der Organisation mit unseren maßgefertigten Einbauschränken. Jedes unserer Designs ist eine Kombination aus Funktionalität und Stil und verwandelt scheinbar kleine Räume in Oasen der Ordnung und Eleganz. Unsere fachkundigen Designer wissen, wie wichtig es ist, den Raum zu optimieren, und sind bestrebt, Einbauschränke zu entwerfen, die perfekt in Ihr Zuhause [&hellip;]</p>
